110010110000
What is -3313110 (base 4) in base 2?
-11110111010100
What is 302320 (base 5) in base 11?
7328
563 (base 11) to base 15
2ee
179 (base 12) to base 4
3231
Convert 246505 (base 7) to base 13.
17950
718e (base 15) to base 10
23984
What is -210 (base 5) in base 12?
-47
What is 1c9 (base 14) in base 11?
30a
332140 (base 5) to base 7
45442
Convert 304311 (base 6) to base 8.
57363
What is 1817 (base 13) in base 7?
13256
What is 5003 (base 7) in base 15?
798
-3105 (base 15) to base 11
-7864
What is 95 (base 14) in base 15?
8b
924 (base 13) to base 5
22201
Convert 1ab (base 13) to base 11.
262
Convert 1220122 (base 4) to base 6.
50534
Convert 227 (base 12) to base 3.
102211
102031 (base 4) to base 10
1165
What is -2230110 (base 4) in base 6?
-123020
b51 (base 14) to base 12
1357
-1125 (base 7) to base 13
-258
What is -230233 (base 4) in base 6?
-21131
131012 (base 4) to base 14
970
What is -170a (base 12) in base 2?
-101010111010
221322 (base 4) to base 11
2019
Convert 7013 (base 8) to base 2.
111000001011
-14051 (base 11) to base 5
-1120041
100101001 (base 2) to base 3
102000
-414 (base 8) to base 16
-10c
Convert 11211201 (base 3) to base 11.
2719
Convert 550 (base 11) to base 13.
3ba
Convert 33318 (base 10) to base 9.
50630
216 (base 7) to base 5
421
Convert -2a8 (base 13) to base 16.
-1dc
Convert 164 (base 7) to base 14.
6b
Convert 3768 (base 11) to base 14.
1b10
-2045 (base 6) to base 7
-1226
676 (base 9) to base 13
339
-37 (base 8) to base 7
-43
What is 100 (base 14) in base 11?
169
Convert -32210 (base 4) to base 7.
-2501
What is -17b4 (base 16) in base 14?
-22d6
Convert 884 (base 11) to base 8.
2044
What is 3a5 (base 15) in base 12?
592
23317 (base 9) to base 8
36320
Convert -638f (base 16) to base 14.
-9407
-4144 (base 9) to base 7
-11566
Convert -212221222 (base 3) to base 12.
-a138
Convert 1462 (base 11) to base 12.
110b
What is 3104 (base 5) in base 11?
338
What is 33581 (base 9) in base 8?
53514
What is -a31 (base 12) in base 5?
-21402
What is 4077 (base 12) in base 15?
211d
404 (base 11) to base 6
2132
Convert 211301 (base 4) to base 14.
c49
Convert -1650 (base 8) to base 4.
-32220
What is 1138 (base 11) in base 10?
1493
What is 9ac (base 14) in base 6?
12512
Convert 20003231 (base 4) to base 2.
1000000011101101
125535 (base 7) to base 8
56053
Convert 212 (base 5) to base 4.
321
Convert -42f0 (base 16) to base 9.
-25450
-100220 (base 4) to base 15
-4ae
What is -28b (base 16) in base 11?
-542
Convert 47a (base 14) to base 7.
2413
What is 13c (base 14) in base 2?
11111010
Convert -105 (base 11) to base 15.
-86
4513 (base 9) to base 11
2560
-18756 (base 11) to base 13
-bc02
What is -686 (base 12) in base 5?
-12331
-1011 (base 7) to base 5
-2401
2002 (base 11) to base 8
5150
Convert -131266 (base 7) to base 12.
-12217
111000111111 (base 2) to base 11
2816
What is -1292 (base 12) in base 5?
-32001
What is 1184e (base 15) in base 7?
321620
What is -23424 (base 5) in base 8?
-3313
What is -13504 (base 6) in base 12?
-1294
6612 (base 9) to base 15
169b
-1213203 (base 4) to base 7
-25215
What is 2112 (base 6) in base 12?
338
Convert 1625 (base 7) to base 15.
2db
What is -1012112 (base 3) in base 12?
-612
Convert -54165 (base 8) to base 2.
-101100001110101
What is 3141 (base 7) in base 13?
672
What is 1056 (base 9) in base 8?
1414
What is 13302 (base 4) in base 13?
2c4
Convert 5737 (base 12) to base 7.
40153
What is -1a67 (base 11) in base 5?
-40424
What is 4a2 (base 13) in base 10?
808
What is 15132 (base 6) in base 7?
10043
What is -22214 (base 6) in base 10?
-3106
What is -127 (base 14) in base 3?
-22120
Convert 597 (base 15) to base 13.
766
Convert -10001 (base 3) to base 9.
-101
-c27 (base 14) to base 4
-211103
What is 1289 (base 12) in base 16?
849
What is -12 (base 14) in base 3?
-121
What is -1a4 (base 14) in base 5?
-2330
Convert 2214304 (base 5) to base 10.
38704
11241 (base 5) to base 6
3445
Convert 5d8 (base 16) to base 10.
1496
What is -407 (base 12) in base 8?
-1107
-528a (base 14) to base 15
-433e
-263 (base 9) to base 14
-119
-300 (base 4) to base 14
-36
What is -400 (base 13) in base 5?
-10201
What is -906 (base 13) in base 14?
-7b1
-195 (base 14) to base 2
-101000111
13889 (base 11) to base 10
19699
212000021 (base 3) to base 11
1166a
What is -91 (base 11) in base 15?
-6a
Convert -593 (base 10) to base 4.
-21101
Convert -5a3 (base 12) to base 7.
-2313
Convert -1111220 (base 5) to base 3.
-222211110
Convert 11551 (base 7) to base 15.
d6a
What is -7525 (base 9) in base 7?
-22061
Convert -62c7 (base 13) to base 3.
-200202210
What is 2536 (base 10) in base 2?
100111101000
13303 (base 4) to base 7
1312
-14 (base 13) to base 7
-23
What is -15171 (base 8) in base 11?
-5101
14bf (base 16) to base 12
30a7
Convert 448 (base 10) to base 2.
111000000
93 (base 13) to base 9
143
Convert -106253 (base 7) to base 10.
-19001
-250156 (base 7) to base 4
-23022031
Convert 13a7 (base 14) to base 5.
102404
What is -4020404 (base 5) in base 2?
-1111100101101110
-4061 (base 7) to base 8
-2607
What is -213230 (base 4) in base 13?
-1205
Convert 1086 (base 10) to base 4.
100332
Convert -6b99 (base 15) to base 5.
-1212434
What is 2012 (base 7) in base 15?
315
Convert -24694 (base 10) to base 4.
-12001312
4d40 (base 16) to base 14
72c8
2122000 (base 3) to base 15
87c
2524 (base 10) to base 13
11c2
Convert -11356 (base 7) to base 5.
-43212
Convert 101011000 (base 2) to base 10.
344
-175 (base 11) to base 6
-535
Convert -249 (base 13) to base 15.
-1b9
What is 21065 (base 9) in base 7?
55361
Convert 15215 (base 6) to base 15.
ade
101001 (base 2) to base 8
51
What is 13074 (base 10) in base 6?
140310
234424 (base 7) to base 11
29949
Convert -11b (base 14) to base 5.
-1341
What is -15411 (base 6) in base 8?
-4737
Convert -9204 (base 12) to base 11.
-109a4
Convert -253 (base 8) to base 7.
-333
What is 13551 (base 8) in base 7?
23321
What is 3535 (base 10) in base 5?
103120
-13300023 (base 4) to base 10
-31755
What is 100010200 (base 3) in base 9?
10120
What is -100110000 (base 2) in base 8?
-460
8350 (base 12) to base 5
424231
What is -228 (base 9) in base 12?
-138
133 (base 15) to base 16
111
What is 100001110011 (base 2) in base 8?
4163
-11a5 (base 12) to base 6
-13125
What is -223201 (base 4) in base 13?
-1363
-111111000111101 (base 2) to base 3
-1122022221
Convert 4043441 (base 5) to base 15.
14616
Convert -10988 (base 13) to base 5.
-1431234
Convert 44 (base 12) to base 14.
3a
Convert 17051 (base 14) to base 5.
3321240
2622 (base 11) to base 3
11200101
240 (base 11) to base 7
556
What is -302033 (base 4) in base 11?
-2463
What is -132003 (base 6) in base 5?
-341344
What is 25514 (base 6) in base 2?
111100010110
What is 1220221 (base 3) in base 14?
722
What is -1563 (base 12) in base 7?
-10233
What is -40002 (base 7) in base 9?
-14153
-1274 (base 12) to base 8
-4070
Convert 1100001111111 (base 2) to base 15.
1cd1
What is 152 (base 8) in base 16?
6a
-111 (base 9) to base 8
-133
-23010111 (base 4) to base 6
-545513
Convert -2313100 (base 4) to base 6.
-130144
Convert -539 (base 13) to base 14.
-47b
What is -303 (base 11) in base 9?
-446
What is -a3 (base 13) in base 7?
-250
-bcb (base 13) to base 5
-31101
100010101110001 (base 2) to base 9
26342
Convert -abc (base 16) to base 15.
-c33
30280 (base 11) to base 14
121ad
What is 110120 (base 4) in base 16?
518
Convert -6432 (base 14) to base 8.
-41614
What is 1413 (base 5) in base 2?
11101001
Convert -2124 (base 7) to base 12.
-529
447 (base 15) to base 5
12332
220021 (base 4) to base 3
10112011
What is -271 (base 9) in base 14?
-122
221012 (base 4) to base 7
10445
What is 1467 (base 10) in base 9?
2010
-1172 (base 11) to base 16
-5fb
What is -54547 (base 9) in base 10?
-36169
-100010100 (base 2) to base 10
-276
Convert -1002 (base 10) to base 12.
-6b6
Convert 2161 (base 8) to base 9.
1503
What is -12546 (base 10) in base 15?
-3ab6
What is 3363 (base 8) in base 2?
11011110011
a751 (base 15) to base 4
20221021
43643 (base 9) to base 11
1a834
-22323 (base 7) to base 5
-140102
What is 1023223 (base 5) in base 6?
212053
Convert -103401 (base 5) to base 14.
-1453
What is 431 (base 10) in base 3?
120222
-207c (base 13) to base 15
-14ec
2335 (base 11) to base 10
3063
What is 1332030 (base 4) in base 5?
224301